
0
What is the hundreds digit of 127867?
8
What is the ten thousands digit of 17989789?
8
What is the hundred thousands digit of 946220?
9
What is the hundreds digit of 171555?
5
What is the units digit of 215352?
2
What is the millions digit of 4290112?
4
What is the hundreds digit of 1450621?
6
What is the hundred thousands digit of 590384?
5
What is the thousands digit of 255991?
5
What is the ten thousands digit of 213365?
1
What is the units digit of 1011653?
3
What is the tens digit of 94141?
4
What is the tens digit of 7791904?
0
What is the ten thousands digit of 10334497?
3
What is the tens digit of 11817664?
6
What is the hundred thousands digit of 15496601?
4
What is the ten thousands digit of 69756?
6
What is the hundred thousands digit of 370340?
3
What is the hundreds digit of 1877227?
2
What is the tens digit of 1841776?
7
What is the ten thousands digit of 517883?
1
What is the hundreds digit of 1448271?
2
What is the thousands digit of 446880?
6
What is the hundreds digit of 463887?
8
What is the tens digit of 7076033?
3
What is the thousands digit of 1793548?
3
What is the units digit of 5295159?
9
What is the hundred thousands digit of 131529?
1
What is the millions digit of 20850281?
0
What is the hundreds digit of 62179?
1
What is the hundreds digit of 8467790?
7
What is the hundreds digit of 595345?
3
What is the hundreds digit of 430867?
8
What is the thousands digit of 2254135?
4
What is the hundred thousands digit of 5736677?
7
What is the ten thousands digit of 2061863?
6
What is the units digit of 2458794?
4
What is the ten thousands digit of 461174?
6
What is the ten thousands digit of 2676842?
7
What is the units digit of 43994?
4
What is the tens digit of 2897765?
6
What is the hundred thousands digit of 26454581?
4
What is the millions digit of 9911931?
9
What is the hundred thousands digit of 291810?
2
What is the units digit of 131126?
6
What is the hundreds digit of 7016974?
9
What is the ten thousands digit of 119520?
1
What is the ten millions digit of 14493903?
1
What is the hundreds digit of 924066?
0
What is the thousands digit of 38444194?
4
What is the units digit of 2837006?
6
What is the ten thousands digit of 999843?
9
What is the ten thousands digit of 410894?
1
What is the millions digit of 1664416?
1
What is the hundreds digit of 11974952?
9
What is the hundreds digit of 4131137?
1
What is the hundred thousands digit of 1771430?
7
What is the tens digit of 23162921?
2
What is the thousands digit of 165384?
5
What is the hundred thousands digit of 238223?
2
What is the tens digit of 762682?
8
What is the tens digit of 93782?
8
What is the thousands digit of 3156789?
6
What is the ten thousands digit of 4958717?
5
What is the hundreds digit of 1087499?
4
What is the tens digit of 508319?
1
What is the thousands digit of 76142?
6
What is the hundred thousands digit of 1429712?
4
What is the ten thousands digit of 810400?
1
What is the thousands digit of 636175?
6
What is the tens digit of 8212873?
7
What is the units digit of 9696663?
3
What is the ten thousands digit of 345535?
4
What is the hundreds digit of 1847102?
1
What is the hundreds digit of 16843687?
6
What is the ten thousands digit of 10864034?
6
What is the units digit of 408516?
6
What is the units digit of 2153205?
5
What is the millions digit of 13203044?
3
What is the millions digit of 15123271?
5
What is the tens digit of 1946639?
3
What is the units digit of 1278321?
1
What is the millions digit of 4720798?
4
What is the hundred thousands digit of 3836431?
8
What is the tens digit of 63817?
1
What is the tens digit of 1808385?
8
What is the units digit of 85652?
2
What is the hundred thousands digit of 5399673?
3
What is the tens digit of 10517?
1
What is the hundred thousands digit of 137711?
1
What is the hundred thousands digit of 14380511?
3
What is the millions digit of 10727155?
0
What is the thousands digit of 220811?
0
What is the ten thousands digit of 2096804?
9
What is the millions digit of 10128908?
0
What is the thousands digit of 21237081?
7
What is the tens digit of 641393?
9
What is the ten thousands digit of 805618?
0
What is the units digit of 472042?
2
What is the thousands digit of 1105990?
5
What is the thousands digit of 1361287?
1
What is the ten thousands digit of 183368?
8
What is the thousands digit of 224346?
4
What is the thousands digit of 2339853?
9
What is the millions digit of 5569210?
5
What is the tens digit of 248211?
1
What is the ten thousands digit of 43197?
4
What is the ten thousands digit of 92220?
9
What is the ten thousands digit of 277281?
7
What is the tens digit of 448678?
7
What is the hundred thousands digit of 1209959?
2
What is the tens digit of 3166660?
6
What is the tens digit of 2274019?
1
What is the thousands digit of 172017?
2
What is the ten thousands digit of 58358?
5
What is the hundreds digit of 6163364?
3
What is the ten millions digit of 13457853?
1
What is the tens digit of 289253?
5
What is the hundred thousands digit of 191616?
1
What is the hundred thousands digit of 400504?
4
What is the tens digit of 4072298?
9
What is the hundred thousands digit of 31306324?
3
What is the hundreds digit of 13089259?
2
What is the tens digit of 87232?
3
What is the hundred thousands digit of 4912763?
9
What is the ten thousands digit of 584953?
8
What is the hundred thousands digit of 278920?
2
What is the millions digit of 8166743?
8
What is the hundred thousands digit of 5763307?
7
What is the ten thousands digit of 1728833?
2
What is the ten thousands digit of 452647?
5
What is the ten thousands digit of 1029044?
2
What is the ten millions digit of 28852306?
2
What is the hundred thousands digit of 22534995?
5
What is the units digit of 6532413?
3
What is the hundreds digit of 648633?
6
What is the hundred thousands digit of 494723?
4
What is the hundred thousands digit of 121291?
1
What is the millions digit of 14047749?
4
What is the thousands digit of 158454?
8
What is the ten thousands digit of 12760961?
6
What is the tens digit of 1485220?
2
What is the thousands digit of 255690?
5
What is the units digit of 6547273?
3
What is the hundred thousands digit of 452041?
4
What is the hundreds digit of 3682094?
0
What is the hundreds digit of 6519199?
1
What is the tens digit of 167174?
7
What is the ten thousands digit of 2233220?
3
What is the tens digit of 391633?
3
What is the tens digit of 203576?
7
What is the ten thousands digit of 1577800?
7
What is the hundreds digit of 14120579?
5
What is the hundreds digit of 523152?
1
What is the hundreds digit of 386043?
0
What is the thousands digit of 560952?
0
What is the units digit of 246527?
7
What is the hundreds digit of 1274394?
3
What is the hundreds digit of 299306?
3
What is the units digit of 205921?
1
What is the millions digit of 1060885?
1
What is the millions digit of 6466360?
6
What is the hundred thousands digit of 237993?
2
What is the tens digit of 631916?
1
What is the thousands digit of 571343?
1
What is the hundred thousands digit of 263713?
2
What is the hundreds digit of 4757977?
9
What is the tens digit of 7380990?
9
What is the hundreds digit of 583175?
1
What is the ten thousands digit of 19352?
1
What is the hundreds digit of 2566224?
2
What is the units digit of 271599?
9
What is the millions digit of 9318545?
9
What is the millions digit of 15850715?
5
What is the thousands digit of 29223?
9
What is the hundreds digit of 26202612?
6
What is the thousands digit of 8371750?
1
What is the hundred thousands digit of 635607?
6
What is the hundreds digit of 300524?
5
What is the ten thousands digit of 1228648?
2
What is the tens digit of 42788?
8
What is the hundred thousands digit of 25885950?
8
What is the ten thousands digit of 158960?
5
What is the ten millions digit of 16723021?
1
What is the hundreds digit of 1899120?
1
What is the ten thousands digit of 7794080?
9
What is the thousands digit of 16875?
6
What is the tens digit of 380513?
1
What is the hundred thousands digit of 1218562?
2
What is the hundred thousands digit of 5438448?
4
What is the tens digit of 122240?
4
What is the thousands digit of 34905?
4
What is the hundreds digit of 174360?
3
What is the hundred thousands digit of 301753?